e 8, what is 2 + -16?
-14
In base 16, what is -2e - 2?
-30
In base 3, what is 0 + 2012?
2012
In base 4, what is -31 + 220?
123
In base 10, what is -3 - -42?
39
In base 9, what is 6408 + 12?
6421
In base 9, what is -3 - -22?
18
In base 12, what is 17 - -65?
80
In base 2, what is -101011001 + -101?
-101011110
In base 5, what is 32344 + 1?
32400
In base 3, what is 0 + -11012000?
-11012000
In base 9, what is 32 - 1?
31
In base 11, what is -80 - 0?
-80
In base 11, what is -2 - -616?
614
In base 7, what is -1 - 666?
-1000
In base 7, what is -1 + -52?
-53
In base 14, what is 1 - -1202?
1203
In base 11, what is 2525 + -5?
2520
In base 2, what is -101 - 10000010?
-10000111
In base 4, what is 2220 + -11?
2203
In base 2, what is -11001 - -1110?
-1011
In base 2, what is 1 - 1001001001?
-1001001000
In base 13, what is -5 - 7b?
-83
In base 3, what is -101 + 1022?
221
In base 11, what is 2661 + 3?
2664
In base 10, what is -7 - 472?
-479
In base 15, what is 4 + -88c?
-888
In base 8, what is -7431 - 5?
-7436
In base 13, what is -1 + -81?
-82
In base 10, what is -1154 + -2?
-1156
In base 9, what is 401 - 2?
388
In base 14, what is 4 + 5b?
61
In base 10, what is 2209 + -1?
2208
In base 12, what is 1a6 + 1?
1a7
In base 10, what is -5 - 158?
-163
In base 16, what is 245 - 7?
23e
In base 5, what is -10212 - -32?
-10130
In base 6, what is 254 + -13?
241
In base 11, what is 84 + 11?
95
In base 16, what is -b + -2e?
-39
In base 13, what is 30 + -18?
15
In base 16, what is -1b - -76?
5b
In base 12, what is 1 - 3?
-2
In base 14, what is -238 - 2?
-23a
In base 10, what is 16540 - -5?
16545
In base 9, what is -108 + 17?
-81
In base 6, what is 531 - 111?
420
In base 8, what is -4 - -1424?
1420
In base 6, what is 104 + 21?
125
In base 12, what is 10 + -38?
-28
In base 12, what is 23 - 2a2?
-27b
In base 14, what is -9c + 4?
-98
In base 3, what is 11 + -1101?
-1020
In base 9, what is 1135 + 1?
1136
In base 6, what is 11422 - -2?
11424
In base 15, what is 5 + 50e?
514
In base 7, what is 46 - -31?
110
In base 7, what is 41 - -13?
54
In base 13, what is -18 - -4?
-14
In base 12, what is -11 + -2?
-13
In base 5, what is 2 - 1233?
-1231
In base 10, what is 2 - 805?
-803
In base 8, what is -235 - 3?
-240
In base 14, what is -1654 - 1?
-1655
In base 2, what is -110010001 + -111111?
-111010000
In base 11, what is -1090 + 4?
-1087
In base 2, what is -100 + -10011?
-10111
In base 8, what is 67 - -6?
75
In base 16, what is -11 - -4?
-d
In base 13, what is -4 + -bc?
-c3
In base 6, what is -1 + -1005?
-1010
In base 12, what is 24 - 0?
24
In base 5, what is -1134 + -1?
-1140
In base 7, what is -31 + 134?
103
In base 9, what is -3052 - -1?
-3051
In base 12, what is -27 - -2?
-25
In base 13, what is -4348 + 1?
-4347
In base 2, what is 1 - -11000010?
11000011
In base 10, what is -11 + 5?
-6
In base 3, what is -101 + -10?
-111
In base 6, what is 1542 + 5?
1551
In base 4, what is 1 - -2213?
2220
In base 15, what is -7 + c1?
b9
In base 14, what is 811 + -14?
7db
In base 10, what is -5 - 94?
-99
In base 12, what is -70 - 36?
-a6
In base 9, what is 234 - 5?
228
In base 6, what is 1 - 211?
-210
In base 12, what is 9 + -14?
-7
In base 10, what is -5 - 7042?
-7047
In base 8, what is -2 - 245?
-247
In base 10, what is -21 - -38?
17
In base 16, what is 8 - -27?
2f
In base 6, what is -1 + -100?
-101
In base 15, what is 40 + 0?
40
In base 7, what is -21533 - -3?
-21530
In base 12, what is -789 + -1?
-78a
In base 4, what is 13 + 121?
200
In base 11, what is 1797 + 2?
1799
In base 16, what is -1e - 3?
-21
In base 2, what is 11110101 + -111?
11101110
In base 8, what is 2 + 117?
121
In base 2, what is -100 + 1011110?
1011010
In base 14, what is -241 - -4?
-23b
In base 4, what is 121331 - -1?
121332
In base 12, what is 11227 + 0?
11227
In base 16, what is 3 + -515?
-512
In base 13, what is -5 + 6b7?
6b2
In base 4, what is 1 + -31330?
-31323
In base 8, what is -27 - 13?
-42
In base 14, what is 0 + 548?
548
In base 2, what is 10110111 - 101?
10110010
In base 9, what is -203 + -2?
-205
In base 14, what is -2 + -5?
-7
In base 8, what is -567 + 3?
-564
In base 2, what is -100 - 101000000?
-101000100
In base 12, what is 5 - 93?
-8a
In base 8, what is -76 - 11?
-107
In base 9, what is 534 - 4?
530
In base 13, what is -7 + -46?
-50
In base 16, what is -10 + 23?
13
In base 11, what is -32 + 14?
-19
In base 15, what is 155 - 1?
154
In base 10, what is 58 - 0?
58
In base 9, what is -25 - 27?
-53
In base 11, what is -1a27 - 4?
-1a30
In base 14, what is -532 + 0?
-532
In base 11, what is -12a99 - 5?
-12aa3
In base 12, what is -1 - 126?
-127
In base 13, what is 8 - 36?
-2b
In base 15, what is -3 - -90c?
909
In base 12, what is 0 - 34a?
-34a
In base 7, what is -3055 + 1?
-3054
In base 2, what is 101 + -100000?
-11011
In base 7, what is 30 - 6?
21
In base 11, what is 10 - -a8?
108
In base 16, what is -2b + -5?
-30
In base 7, what is -34 - -16?
-15
In base 14, what is -b + 10?
3
In base 14, what is -5 - -278?
273
In base 14, what is 490 + -1?
48d
In base 3, what is -2 - 1110?
-1112
In base 10, what is -8 - -66?
58
In base 7, what is -3 + 135?
132
In base 15, what is 110 - -3?
113
In base 11, what is 5 + 9?
13
In base 5, what is -3300 - -3?
-3242
In base 5, what is 13 + -100?
-32
In base 6, what is 11 - 314?
-303
In base 2, what is 1111100 - 10101?
1100111
In base 7, what is 1 - -664?
665
In base 3, what is 100 + -22102?
-22002
In base 7, what is -321 + -152?
-503
In base 3, what is 10 - -112001?
112011
In base 8, what is -52 - 215?
-267
In base 13, what is 4c - -47?
96
In base 12, what is -1a + -83a?
-858
In base 6, what is -415 + -4?
-423
In base 9, what is -75 - 37?
-123
In base 4, what is -2 + 130232?
130230
In base 14, what is 0 + 282?
282
In base 8, what is 11652 + -4?
11646
In base 4, what is -100012 + -10?
-100022
In base 11, what is -14a01 - 2?
-14a03
In base 13, what is -1c8 - -3?
-1c5
In base 12, what is 564 - 2?
562
In base 12, what is -189a + -3?
-18a1
In base 5, what is -402 - -1?
-401
In base 10, what is -20 + -36?
-56
In base 7, what is 3 + 232?
235
In base 16, what is -1 + a8?
a7
In base 12, what is 0 - 157?
-157
In base 6, what is 2 + -1?
1
In base 5, what is -1214131 + 2?
-1214124
In base 16, what is -7 + 17?
10
In base 11, what is 5 + 56?
60
In base 6, what is -114 + -11?
-125
In base 11, what is 2418 + 1?
2419
In base 6, what is 4123 + -2?
4121
In base 15, what is -2 - 145?
-147
In base 9, what is -3605 - 1?
-3606
In base 8, what is -140 + 0?
-140
In base 10, what is 0 - 48?
-48
In base 7, what is -2 + 56?
54
In base 13, what is -421 + 0?
-421
In base 6, what is -11 - -245?
234
In base 6, what is -12 + -10?
-22
In base 2, what is -10010 - -1?
-10001
In base 12, what is -824 - 1?
-825
In base 5, what is 23231 + -2?
23224
In base 8, what is -2 - -123?
121
In base 16, what is -4d - -b?
-42
In base 2, what is 11 - -100000011?
100000110
In base 3, what is 0 - -2102010?
2102010
In base 4, what is 30 + 232?
322
In base 7, what is 3 + 35?
41
In base 3, what is -1 + 2002?
2001
In base 12, what is 4 - 488?
-484
In base 6, what is -23 - 1322?
-1345
In base 12, what is -25 + 27?
2
In base 14, what is -9 - 11?
-1a
In base 15, what is -4d - 7?
-55
In base 5, what is 210 - 100?
110
In base 10, what is -8 - 679?
-687
In base 2, what is 1 + 1001000111?
1001001000
In base 12, what is -134 - 5?
-139
In base 10, what is 54 + 2?
56
In base 3, what is -1212 - 1210?
-10122
In base 7, what is 2 - 315?
-313
In base 8, what is 2305 - 3?
2302
In base 4, what is -13 + 101?
22
In base 9, what is 4787 - 2?
4785
In base 13, what is -4 + 106?
102
In base 11, what is -43 - 40?
-83
In base 6, what is -3 - 40?
-43
In base 8, what is 11 - 110?
-77
In base 9, what is -151 - 3?
-154
In base 9, what is -15 + 34?
18
In base 12, what is 0 + -7a?
-7a
In base 11, what is -23 + -3?
-26
In base 2, what is -10110101011 + -11?
-10110101110
In base 9, what is -1157 + 3?
-1154
In base 3, what is 11 - 1200?
-1112
In base 13, what is -20a2 + 3?
-209c
In base 2, what is 10011000 + -100?
10010100
In base 4, what is 112 - -3?
121
In base 7, what is 563 + 1?
564
In base 9, what is 2 - -4355?
4357
In base 14, what is -3 - -4?
1
In base 8, what is 3 + -223?
-220
In base 2, what is 1001000010 + 101?
1001000111
In base 15, what is 5 + 765?
76a
In base 15, wha